-46 + 196 - 77) + 19?
92
What is the value of (5 + -32 - -29) + (-2 - 8)?
-8
What is -35 + -43 + 124 - (13 + 0)?
33
Evaluate (2 - (-8 + 3)) + 44 + -3 + (-14 - 0).
34
Evaluate -37 + (-33 - -32 - 8) + 1 + 1 - 2.
-46
Calculate (7 + -10 - 4) + (-34 + 10 - -13).
-18
What is -9 + (-7 - -1) + -5 + 12 + (38 - -1)?
31
-61 + (-1 - -2 - (39 - 42)) + (98 - 100)
-59
What is 17 + 4 + -16 + 7 - 82?
-70
Calculate (-5 - (13 + -19 + -7 + 1)) + -18.
-11
What is the value of -63 + -10 - (-12 - 4 - -13)?
-70
What is the value of -51 - (49 + (-116 - -35))?
-19
Evaluate 81 + -9 + (-6 - (4 + -4 - 3)).
69
What is 5 + (-8 - -4) + (-48 - -59 - 60)?
-48
Calculate (-50 - -74) + 4 + -31 + 6 + 19.
22
-45 - ((-75 - -84) + -83)
29
Calculate 16 - (-7 - (1 - 19) - (117 + -175)).
-53
(-21 + -6 - (-25 - -13)) + 62
47
29 + (158 - 145 - (95 + -5))
-48
Calculate -27 + -7 - ((-7 - (14 - 0)) + 6).
-19
(-3959 - -3900) + (-2 - 0) + 1
-60
What is the value of ((-13 - 1) + -2 - (2145 + -2143)) + 12?
-6
171 + -289 - (-69 - 12)
-37
What is the value of 5 + 6 + -13 + 15 + -43?
-30
Evaluate 24 - (79 + -73 + 10).
8
Evaluate 3 - (17 - (48 + -17)).
17
(18 - (-60 + 41)) + 23
60
What is the value of (1 + 10 - 2) + (42 - -28)?
79
What is 8 - (-1 + 4) - (-36 + -4 + 7)?
38
Calculate -128 + 3 + 198 + -83.
-10
Evaluate 8 + (-11 + 0 - -5 - 3) - 45.
-46
Evaluate (-5 - (-2 + -8 + -2)) + -76 - -13.
-56
(-20 - 12) + (76 - 21)
23
Evaluate 46 - (-1 + 18) - -3.
32
Evaluate 40 + (-2 - (-7 + 8)) - (-70 + 72).
35
Calculate -71 - -82 - (1 - (11 + -7) - 22).
36
Evaluate 83 + -21 + 6 + -59.
9
What is the value of -4 - (49 + (-23 - 20))?
-10
What is the value of (1 - 0 - (-2 + 4)) + -8 + 8 - 0?
-1
What is the value of -48 + 65 + -12 + -2 + 34 + -3?
34
What is the value of -2635 + 2708 + (2 - (-5 - 0)) + 8 + -5?
83
Evaluate -7 + (9 - -13) + -42 + 22.
-5
What is the value of 107 - 94 - -51 - -83?
147
What is 33 - ((-36 - -62) + -30)?
37
What is the value of -6544 - -6522 - (-20 - (0 + 3))?
1
Calculate ((4 - -3) + -18 - -9) + (15 + -10 - 10).
-7
What is -193 - -207 - (54 + -2 - (-19 + 16))?
-41
Calculate (10 + -12 - -107) + (1 - -9 - 7) + 9.
117
What is -463 + 420 - (-9 + -70)?
36
32 - (-864 - -872 - (35 - 0))
59
Calculate 735 - 661 - (3 - -1).
70
What is the value of (0 - -17) + (-162 - -147) + 9 + -23?
-12
What is 37 + -63 + 69 + -12?
31
What is the value of -59 - (-28 + 9 - -29 - (17 - 5))?
-57
Calculate 6 - (-2 + 90 + -27).
-55
15 - 11 - (22 - (13 - 15))
-20
What is the value of (69 + (3 + 1 - 23) - 5) + 10?
55
What is -92 + (9 - (53 - 33 - 13))?
-90
Calculate (18 - 21) + 0 + (1 - 1) + 30.
27
(31 - -4) + -159 + 140
16
What is 17 - (8 + (-1 - 16)) - (-13 + 7)?
32
-47 - (54 - (31 + 24))
-46
-56 + 84 + (38 - 74)
-8
1 + -28 + (1 - 4) + (-1272 - -1265)
-37
Evaluate 67 - (-41 + 33 + -5 - (1 + 0)).
81
What is 35 + 31 + -16 + 37 - -26?
113
What is the value of 35 + 17 - 15 - -22?
59
-3 + (-15 - -2) - (-31 - -18)
-3
What is (-14792 - -14766) + (-1 - -5) + (1 - 1)?
-22
What is (246 - 233) + 4 + (3 - 7) + 34?
47
What is the value of (-79 - (-350 + 185)) + (-4 + 3 - 2)?
83
What is the value of -47 + (-16 - -43) - (1 + -9 - 3) - -20?
11
5 - -59 - (3 - -3) - ((-11 - -27) + -12)
54
1552 - 1530 - (-27 + -4 + -1)
54
What is the value of 37 - (11 - (5 + 10 + -18))?
23
Calculate (-10 - -1) + (-42 - (-64 + 5)) + 100.
108
64 - (-62 - -156 - 86)
56
Evaluate 1258 + -1289 + 101 + 6.
76
Evaluate (9 - (20 + (5 + -4 - -2))) + -18.
-32
What is the value of 15 - (17 - 18) - (66 - -2)?
-52
What is 46 + 13 + (-30 - 2)?
27
What is the value of (117 - -15) + -54 + 0 + 7 - (0 + 5)?
80
What is -1 + -7 + -47 + -13 - (24 + -31 + 14)?
-75
Calculate 10 + -19 + 3 + 26 + -18.
2
What is -1696 + 1581 + 1 + 231?
117
Evaluate -16 + 14 + -13 + 2 - (-2 - (4 - -5)).
-2
86 - (43 - (25 + (71 - 50)))
89
20 - (-10 - (-32 - 15))
-17
What is 81 + 1 - (14 - (-5 - -27) - (-1 + -17))?
72
What is the value of -11 - (-19 - 12 - -5 - -22)?
-7
Evaluate (-16 - (15 + -1 + -19)) + (-49 - (-1 + 2)).
-61
What is (2 - 3) + -6 + 103 + (-22 - -12) - -1?
87
What is 6 + 0 - (75 - (-15 - -17 - 47))?
-114
What is -27 + (2 - 7) - ((7 - 5) + -5)?
-29
Calculate -10 - (-8092 + 8104 - (1 + -1 + -1 + 0)).
-23
What is the value of -17 + 78 + -50 + 14 + -1 + 16?
40
Evaluate -31 + (-37 - -110) + (-9 - -6 - 5).
34
What is the value of -25 - ((2 - 8) + (153 - 134))?
-38
-7 + -3 + (-24 + -22 + 13 - 8)
-51
Evaluate -71 - 24 - (-22 + -28).
-45
What is 11 - ((0 - 8) + 10 + 8 + 30)?
-29
Evaluate 14 + (-52 + 25 - 9).
-22
Evaluate -14 + 20 + -38 + 150 + (-9 - 1) + -1.
107
Evaluate 5 + (27 - (5 - -29)) + -1 + -60.
-63
49 - (-29 + (-24 - -41)) - 32
29
0 + 21 + -13 + -2 - 55
-49
What is -40 - (9 + (-7 - (16 - 13)) + 4)?
-43
Calculate -270 + 256 - ((-2 - 4) + 4).
-12
7 + (1 - (-23 + 61))
-30
What is 21 + 14 + -922 + 833?
-54
What is the value of -13 + (13 - 40 - -47) - -99?
106
Evaluate -19 - 0 - (96 - 234 - -162).
-43
-1 - -11 - (-63 + 155 + -81)
-1
20 - (-13 + (14 - 24) + 22)
21
Calculate (2 + -18 - (4 + -23)) + -19 - -46.
30
(179 - (85 - 27)) + -193
-72
0 - ((-28 - (-2 + -17)) + -1 + 25)
-15
What is 2 + (-29 - -13) + -48 + (17 - 5)?
-50
Evaluate (44 - (64 + -14)) + -37.
-43
14 + -31 + 13 + -1 + 28
23
What is the value of -70 - -63 - (-2 + -3 - (-10 + (-1 - -43)))?
30
38 + -78 - (3 - 19 - 9)
-15
Calculate 41 + (-113 + 47 - -35).
10
Evaluate (125 - (-2 + -7)) + -32 + 9 + (3 - -4).
118
1 - (7 - (44 + (13 - 10 - 5)) - -8)
28
Calculate -20 - (13 - (15 - 10) - -12).
-40
Evaluate -25 + 3 + 39 + -29 - (-69 + -6).
63
Calculate (7 - -67) + -55 + -37 + 1.
-17
What is 408 - 419 - (-17 - (3 - 1))?
8
What is the value of -3 + (0 + -10 + -45 + 69 + -6 - 49)?
-44
Calculate (-4 + 12 - 10) + (-3 - 1) + 44.
38
Calculate -62 + (-14 - 6 - -13 - (-19 + 0 + 2)).
-52
What is 131 + -172 + -12 + 57 - -117?
121
Evaluate -2 - (-18 + -19 - -5).
30
What is -16 + 25 + (19 - 23) - (20 - 1)?
-14
What is (17 - 44) + -48 - -41?
-34
What is 5 + 18 - 17 - 37 - -22?
-9
What is (-3068 - -3067) + (-45 - 1)?
-47
What is -24 - (1 - -10) - -37?
2
Calculate (5 - 3) + 2 - (-1900 - -1989).
-85
Evaluate (-8 - (50 - -6)) + -8 + -16 + 16.
-72
What is the value of -21 - -9 - (40 + (-7 - 3) + -12)?
-30
Evaluate -25 + ((-4 - (15 - 11)) + -19 - -15).
-37
What is the value of 53 + (40 - 18 - 25) + -2?
48
What is -12 - ((-9 - (-4 + 0) - 149) + (-185 - -196))?
131
58 - (-9 - -252 - 111)
-74
Evaluate 5 + -4 - (-92 + 70) - 37.
-14
Evaluate 22 + (-36 - (-9 - -7)) - (-53 + -1).
42
Calculate 4 + (28 - (45 + 11)) + -2.
-26
Calculate 34 + (18 - (22 + -34 + 30)).
34
Evaluate -6 - (-61 - -3) - (44 + -46) - 10.
44
What is the value of 21 + (-14 - (8 - (0 - -21)))?
20
(0 + 21 - 6) + 2059 + -2100
-26
What is -5 + (-41 - 6 - 122) + 26 + -3?
-151
13 - (12 + (1 - ((-20 - -12) + 20)) - -10)
2
Calculate -2 - 47 - (-361 - -339).
-27
Evaluate (28 - 11) + (-9 - -2) + 19.
29
What is the value of -94 - ((2 - -8) + -42)?
-62
What is -59 + 170 + 72 + -153?
30
(12 - (8 - -25) - -13) + -5 - -61
48
Evaluate -30 + 0 + -388 + 434.
16
Calculate -1 - (-19 - (0 + -13)) - 21 - -4.
-12
Calculate (-51 - -118) + (26 - 136).
-43
Evaluate (1 + -1 - -4) + -12 - (5 + 21 + -18).
-16
-256 + 62 - -21 - -29
-144
What is the value of 0 + 32 + (150 + -183 - -14)?
13
-2 - ((-3 - 3 - -1 - (-343 + 361)) + 8)
13
What is 21 - (-47 + (-8 - 7 - -39))?
44
Evaluate -6 + 11 + -24 - (1 + 2 + -2 + -5).
-15
What is the value of -74 - -3 - (42 - (-32 - -81))?
-64
Calculate -27 - -17 - ((-4 - 2) + (20 - 20)).
-4
What is the value of 14 + (-55 - -4) + (-5 - -13 - 1)?
-30
What is 4 + 5 + -5 + -4 + 0 + 56 + 2?
58
What is 3 + (-21 - -76) + (-30 - -6)?
34
What is 81 + -71 + (3 - (-5 + -14) - 2)?
30
What is (-10 - 10) + 37 - (11 + -6 + 1)?
11
What is -92 - -81 - (3 - (-4 + 4) - 43)?
29
What is the value of -6 + (0 - -8) + (90 - 84) + (0 - 54)?
-46
Calculate -128 + 268 - 67 - (1 - -3).
69
What is the value of 121 - 148 - (-35 + 10)?
-2
What is the value of (-30 - (5 + 6)) + 2 - -15 - -9 - 81?
-96
What is (22 - 63) + 7 - -48?
14
What is the value of -34 + (32 - 30) + 17 - -88?
73
Evaluate (22 - (-2 + -19)) + -3 + -8 + 13.
45
What is the value of -3 + (-2 - -7) - (3 + -7)?
6
What is (-12 - ((13 + -37 - -1) + 9 + -67)) + 9?
78
What is the value of 47 - (49 - (-23 - (-97 - -45)))?
27
What is the value of (-5 - (39 - (-49 + 81)